{"id":130,"date":"2020-06-16T09:47:49","date_gmt":"2020-06-16T09:47:49","guid":{"rendered":"http:\/\/euko.ku.sk\/?page_id=130"},"modified":"2020-06-18T06:19:45","modified_gmt":"2020-06-18T06:19:45","slug":"info-o-projekte","status":"publish","type":"page","link":"https:\/\/euko.ku.sk\/index.php\/info-o-projekte\/","title":{"rendered":"Info o projekte"},"content":{"rendered":"[vc_row type=&#8220;full_width_background&#8220; full_screen_row_position=&#8220;middle&#8220; column_margin=&#8220;default&#8220; column_direction=&#8220;default&#8220; column_direction_tablet=&#8220;default&#8220; column_direction_phone=&#8220;default&#8220; bg_color=&#8220;#ffffff&#8220; scene_position=&#8220;center&#8220; top_padding=&#8220;4%&#8220; bottom_padding=&#8220;6%&#8220; top_padding_tablet=&#8220;8%&#8220; bottom_padding_tablet=&#8220;10%&#8220; text_color=&#8220;dark&#8220; text_align=&#8220;left&#8220; row_border_radius=&#8220;none&#8220; row_border_radius_applies=&#8220;bg&#8220; overlay_strength=&#8220;0.3&#8243; gradient_direction=&#8220;left_to_right&#8220; shape_divider_position=&#8220;bottom&#8220; bg_image_animation=&#8220;none&#8220; shape_type=&#8220;&#8220;][vc_column column_padding=&#8220;no-extra-padding&#8220; column_padding_tablet=&#8220;inherit&#8220; column_padding_phone=&#8220;inherit&#8220; column_padding_position=&#8220;all&#8220; background_color_opacity=&#8220;1&#8243; background_hover_color_opacity=&#8220;1&#8243; column_shadow=&#8220;none&#8220; column_border_radius=&#8220;none&#8220; column_link_target=&#8220;_self&#8220; gradient_direction=&#8220;left_b_to_right_t&#8220; overlay_strength=&#8220;1&#8243; width=&#8220;1\/1&#8243; tablet_width_inherit=&#8220;default&#8220; tablet_text_alignment=&#8220;default&#8220; phone_text_alignment=&#8220;default&#8220; column_border_width=&#8220;none&#8220; column_border_style=&#8220;solid&#8220; bg_image_animation=&#8220;none&#8220; enable_animation=&#8220;true&#8220; animation=&#8220;slight-twist&#8220;][vc_row_inner column_margin=&#8220;none&#8220; column_direction=&#8220;default&#8220; column_direction_tablet=&#8220;default&#8220; column_direction_phone=&#8220;default&#8220; bottom_padding_tablet=&#8220;10&#8243; bottom_padding_phone=&#8220;5&#8243; left_padding_phone=&#8220;25%&#8220; constrain_group_6=&#8220;yes&#8220; right_padding_phone=&#8220;25%&#8220; text_align=&#8220;left&#8220;][vc_column_inner column_padding=&#8220;no-extra-padding&#8220; column_padding_tablet=&#8220;inherit&#8220; column_padding_phone=&#8220;inherit&#8220; column_padding_position=&#8220;all&#8220; centered_text=&#8220;true&#8220; background_color_opacity=&#8220;1&#8243; background_hover_color_opacity=&#8220;1&#8243; column_shadow=&#8220;none&#8220; column_border_radius=&#8220;none&#8220; column_link_target=&#8220;_self&#8220; gradient_direction=&#8220;left_to_right&#8220; overlay_strength=&#8220;0.3&#8243; width=&#8220;1\/1&#8243; tablet_width_inherit=&#8220;default&#8220; column_border_width=&#8220;none&#8220; column_border_style=&#8220;solid&#8220; bg_image_animation=&#8220;none&#8220; enable_animation=&#8220;true&#8220; animation=&#8220;slight-twist&#8220;][vc_column_text]<strong>EU Kids Online<\/strong>[\/vc_column_text][\/vc_column_inner][\/vc_row_inner][vc_row_inner column_margin=&#8220;default&#8220; column_direction=&#8220;default&#8220; column_direction_tablet=&#8220;default&#8220; column_direction_phone=&#8220;default&#8220; text_align=&#8220;left&#8220;][vc_column_inner column_padding=&#8220;no-extra-padding&#8220; column_padding_tablet=&#8220;inherit&#8220; column_padding_phone=&#8220;inherit&#8220; column_padding_position=&#8220;all&#8220; centered_text=&#8220;true&#8220; background_color_opacity=&#8220;1&#8243; background_hover_color_opacity=&#8220;1&#8243; column_shadow=&#8220;none&#8220; column_border_radius=&#8220;none&#8220; column_link_target=&#8220;_self&#8220; gradient_direction=&#8220;left_to_right&#8220; overlay_strength=&#8220;0.3&#8243; width=&#8220;1\/1&#8243; tablet_width_inherit=&#8220;default&#8220; column_border_width=&#8220;none&#8220; column_border_style=&#8220;solid&#8220; bg_image_animation=&#8220;none&#8220;][nectar_highlighted_text text_color=&#8220;#000000&#8243; style=&#8220;text_outline&#8220; outline_thickness=&#8220;regular&#8220; custom_font_size=&#8220;8vh&#8220;]\n<h1><strong>Info o projekte<\/strong><\/h1>\n[\/nectar_highlighted_text][\/vc_column_inner][\/vc_row_inner][\/vc_column][\/vc_row][vc_row type=&#8220;full_width_background&#8220; full_screen_row_position=&#8220;middle&#8220; column_margin=&#8220;90px&#8220; equal_height=&#8220;yes&#8220; content_placement=&#8220;top&#8220; column_direction=&#8220;default&#8220; column_direction_tablet=&#8220;default&#8220; column_direction_phone=&#8220;default&#8220; bg_color=&#8220;#ffffff&#8220; scene_position=&#8220;center&#8220; constrain_group_1=&#8220;yes&#8220; top_padding_tablet=&#8220;8%&#8220; bottom_padding_tablet=&#8220;8%&#8220; text_color=&#8220;dark&#8220; text_align=&#8220;left&#8220; row_border_radius=&#8220;none&#8220; row_border_radius_applies=&#8220;bg&#8220; id=&#8220;home&#8220; overlay_strength=&#8220;0.5&#8243; gradient_direction=&#8220;top_to_bottom&#8220; shape_divider_position=&#8220;bottom&#8220; bg_image_animation=&#8220;none&#8220; shape_type=&#8220;straight_section&#8220;][vc_column column_padding=&#8220;padding-2-percent&#8220; column_padding_tablet=&#8220;no-extra-padding&#8220; column_padding_phone=&#8220;no-extra-padding&#8220; column_padding_position=&#8220;right&#8220; background_color_opacity=&#8220;1&#8243; background_hover_color_opacity=&#8220;1&#8243; column_shadow=&#8220;none&#8220; column_border_radius=&#8220;none&#8220; column_link_target=&#8220;_self&#8220; zindex=&#8220;100&#8243; gradient_direction=&#8220;left_t_to_right_b&#8220; overlay_strength=&#8220;0.3&#8243; width=&#8220;3\/5&#8243; tablet_width_inherit=&#8220;default&#8220; tablet_text_alignment=&#8220;default&#8220; phone_text_alignment=&#8220;default&#8220; column_border_width=&#8220;none&#8220; column_border_style=&#8220;solid&#8220; bg_image_animation=&#8220;none&#8220; offset=&#8220;vc_col-xs-12&#8243;][vc_row_inner column_margin=&#8220;default&#8220; column_direction=&#8220;default&#8220; column_direction_tablet=&#8220;default&#8220; column_direction_phone=&#8220;default&#8220; text_align=&#8220;left&#8220; min_width=&#8220;47vh&#8220;][vc_column_inner column_padding=&#8220;padding-10-percent&#8220; column_padding_tablet=&#8220;inherit&#8220; column_padding_phone=&#8220;inherit&#8220; column_padding_position=&#8220;bottom&#8220; background_color_opacity=&#8220;1&#8243; background_hover_color_opacity=&#8220;1&#8243; column_shadow=&#8220;none&#8220; column_border_radius=&#8220;none&#8220; column_link_target=&#8220;_self&#8220; gradient_direction=&#8220;left_to_right&#8220; overlay_strength=&#8220;0.3&#8243; width=&#8220;1\/1&#8243; tablet_width_inherit=&#8220;default&#8220; column_border_width=&#8220;none&#8220; column_border_style=&#8220;solid&#8220; enable_border_animation=&#8220;true&#8220; bg_image_animation=&#8220;none&#8220; enable_animation=&#8220;true&#8220; animation=&#8220;fade-in-from-bottom&#8220;][vc_custom_heading text=&#8220;EU Kids Online je nadn\u00e1rodn\u00e1 v\u00fdskumn\u00e1 sie\u0165. Usiluje sa o zlep\u0161enie poznatkov o online mo\u017enostiach, rizik\u00e1ch a bezpe\u010dnosti eur\u00f3pskych det\u00ed. Pou\u017e\u00edva r\u00f4zne met\u00f3dy na mapovanie sk\u00fasenost\u00ed det\u00ed a rodi\u010dov s internetom v dial\u00f3gu so zainteresovan\u00fdmi stranami z vn\u00fatro\u0161t\u00e1tnej a eur\u00f3pskej politiky.<\/p>\n<p>Do roku 2014 v\u00fdskumn\u00fd network spadal pod London School of Economics a od roku 2014 vedie sie\u0165 profesor Uwe Hasebrink z Leibniz-Institut f\u00fcr Medienforschung | Hans-Bredow-Institut (HBI), Nemecko. V za\u010diatkoch bol EU Kids Online finacovan\u00e9 z programu EU Lep\u0161\u00ed internet pre deti (Better Internet for Kids)<\/p>\n<p>Zber d\u00e1t v r\u00e1mci EU Kids online sa vo v\u00e4\u010d\u0161ine eur\u00f3pskych kraj\u00edn prv\u00fdkr\u00e1t uskuto\u010dnil v roku 2010, no v prostred\u00ed Slovenskej republiky sa zber d\u00e1t realizoval a\u017e v roku 2018 a to ako s\u00fa\u010das\u0165 v\u00fdskumu koordinovan\u00e9ho networkom EU Kids Online v 19 eur\u00f3pskych krajin\u00e1ch.<\/p>\n<p>V\u00fdskum na Slovensku realizovala Katol\u00edcka univerzita v Ru\u017eomberku ako partner Ministerstva pr\u00e1ce, soci\u00e1lnych vec\u00ed a rodiny Slovenskej republiky v projekte Podpora ochrany det\u00ed pred n\u00e1sil\u00edm, ktor\u00fd sa realizoval v\u010faka podpore z Eur\u00f3pskeho soci\u00e1lneho fondu v r\u00e1mci Opera\u010dn\u00e9ho programu \u013dudsk\u00e9 zdroje.<\/p>\n<p>V\u00fdskumn\u00fd t\u00edm tvorili odborn\u00edci z Katedry \u017eurnalistiky a Katedry psychol\u00f3gie Filozofickej fakulty Katol\u00edckej univerzity v Ru\u017eomberku a v\u00fdskumn\u00edci z Masarykovej univerzity v Brne.&#8220; font_container=&#8220;tag:p|font_size:20px|text_align:left|line_height:2em&#8220; use_theme_fonts=&#8220;yes&#8220; css_animation=&#8220;none&#8220;][\/vc_column_inner][\/vc_row_inner][\/vc_column][vc_column column_padding=&#8220;no-extra-padding&#8220; column_padding_tablet=&#8220;inherit&#8220; column_padding_phone=&#8220;inherit&#8220; column_padding_position=&#8220;all&#8220; background_color_opacity=&#8220;1&#8243; background_hover_color_opacity=&#8220;1&#8243; column_shadow=&#8220;none&#8220; column_border_radius=&#8220;none&#8220; column_link_target=&#8220;_self&#8220; gradient_direction=&#8220;left_to_right&#8220; overlay_strength=&#8220;0.5&#8243; width=&#8220;2\/5&#8243; tablet_width_inherit=&#8220;default&#8220; tablet_text_alignment=&#8220;default&#8220; phone_text_alignment=&#8220;default&#8220; column_border_width=&#8220;none&#8220; column_border_style=&#8220;solid&#8220; bg_image_animation=&#8220;none&#8220; offset=&#8220;vc_col-xs-12&#8243;][vc_row_inner content_placement=&#8220;top&#8220; column_margin=&#8220;default&#8220; column_direction=&#8220;default&#8220; column_direction_tablet=&#8220;default&#8220; column_direction_phone=&#8220;default&#8220; text_align=&#8220;left&#8220; min_width_desktop=&#8220;43vw&#8220; min_width_tablet=&#8220;50vw&#8220; min_width_phone=&#8220;50vw&#8220;][vc_column_inner column_padding=&#8220;no-extra-padding&#8220; column_padding_tablet=&#8220;inherit&#8220; column_padding_phone=&#8220;inherit&#8220; column_padding_position=&#8220;all&#8220; background_color_opacity=&#8220;1&#8243; background_hover_color_opacity=&#8220;1&#8243; background_image=&#8220;59&#8243; background_image_position=&#8220;center top&#8220; enable_bg_scale=&#8220;true&#8220; column_shadow=&#8220;none&#8220; column_border_radius=&#8220;none&#8220; column_link_target=&#8220;_self&#8220; gradient_direction=&#8220;left_to_right&#8220; overlay_strength=&#8220;0.5&#8243; width=&#8220;1\/1&#8243; tablet_width_inherit=&#8220;default&#8220; column_border_width=&#8220;none&#8220; column_border_style=&#8220;solid&#8220; bg_image_animation=&#8220;ro-reveal-from-right&#8220;][divider line_type=&#8220;No Line&#8220; custom_height=&#8220;70vh&#8220; custom_height_tablet=&#8220;40vh&#8220; custom_height_phone=&#8220;300px&#8220;][\/vc_column_inner][\/vc_row_inner][\/vc_column][\/vc_row][vc_row type=&#8220;full_width_background&#8220; full_screen_row_position=&#8220;middle&#8220; column_margin=&#8220;90px&#8220; equal_height=&#8220;yes&#8220; content_placement=&#8220;middle&#8220; column_direction=&#8220;default&#8220; column_direction_tablet=&#8220;default&#8220; column_direction_phone=&#8220;default&#8220; bg_color=&#8220;#ffffff&#8220; scene_position=&#8220;center&#8220; constrain_group_1=&#8220;yes&#8220; top_padding_tablet=&#8220;8%&#8220; bottom_padding_tablet=&#8220;8%&#8220; text_color=&#8220;dark&#8220; text_align=&#8220;left&#8220; row_border_radius=&#8220;none&#8220; row_border_radius_applies=&#8220;bg&#8220; id=&#8220;home&#8220; overlay_strength=&#8220;0.5&#8243; gradient_direction=&#8220;top_to_bottom&#8220; shape_divider_position=&#8220;bottom&#8220; bg_image_animation=&#8220;none&#8220; shape_type=&#8220;straight_section&#8220;][vc_column column_padding=&#8220;padding-2-percent&#8220; column_padding_tablet=&#8220;no-extra-padding&#8220; column_padding_phone=&#8220;no-extra-padding&#8220; column_padding_position=&#8220;right&#8220; background_color_opacity=&#8220;1&#8243; background_hover_color_opacity=&#8220;1&#8243; column_shadow=&#8220;none&#8220; column_border_radius=&#8220;none&#8220; column_link_target=&#8220;_self&#8220; zindex=&#8220;100&#8243; gradient_direction=&#8220;left_t_to_right_b&#8220; overlay_strength=&#8220;0.3&#8243; width=&#8220;1\/2&#8243; tablet_width_inherit=&#8220;default&#8220; tablet_text_alignment=&#8220;default&#8220; phone_text_alignment=&#8220;default&#8220; column_border_width=&#8220;none&#8220; column_border_style=&#8220;solid&#8220; bg_image_animation=&#8220;none&#8220; offset=&#8220;vc_col-xs-12&#8243;][vc_row_inner column_margin=&#8220;default&#8220; column_direction=&#8220;default&#8220; column_direction_tablet=&#8220;default&#8220; column_direction_phone=&#8220;default&#8220; text_align=&#8220;left&#8220; min_width=&#8220;47vh&#8220;][vc_column_inner column_padding=&#8220;padding-10-percent&#8220; column_padding_tablet=&#8220;inherit&#8220; column_padding_phone=&#8220;inherit&#8220; column_padding_position=&#8220;bottom&#8220; background_color_opacity=&#8220;1&#8243; background_hover_color_opacity=&#8220;1&#8243; column_shadow=&#8220;none&#8220; column_border_radius=&#8220;none&#8220; column_link_target=&#8220;_self&#8220; gradient_direction=&#8220;left_to_right&#8220; overlay_strength=&#8220;0.3&#8243; width=&#8220;1\/1&#8243; tablet_width_inherit=&#8220;default&#8220; column_border_width=&#8220;none&#8220; column_border_style=&#8220;solid&#8220; enable_border_animation=&#8220;true&#8220; bg_image_animation=&#8220;none&#8220; enable_animation=&#8220;true&#8220; animation=&#8220;fade-in-from-bottom&#8220;][vc_column_text css_animation=&#8220;none&#8220; css=&#8220;.vc_custom_1592301075284{margin-bottom: 20px !important;}&#8220;]\n<h2><strong>Metodol\u00f3gia<\/strong><\/h2>\n[\/vc_column_text][vc_column_text]\n<h4><strong>Vzorka<\/strong><\/h4>\n<p>V\u00fdskum vych\u00e1dza zo vzorky 969 det\u00ed a\u00a0dospievaj\u00facich vo veku 9 \u2013 17 rokov, ktor\u00ed pou\u017e\u00edvaj\u00fa internet. Vo vzorke bolo zast\u00fapen\u00fdch 51 % chlapcov a\u00a049 % diev\u010dat. Jednotliv\u00e9 vekov\u00e9 kohorty boli zast\u00fapen\u00e9 nasledovne: 9 \u2013 11 rokov (30,5 %), 12 \u2013 14 rokov\u00a0 (32,7 %) a\u00a015 &#8211; 17\u00a0 rokov (36,8 %).\u00a0 Priemern\u00fd vek bol 13,2 rokov\u00a0 (SD = 2,6 rokov).\u00a0 V\u00a0spr\u00e1ve s\u00fa uveden\u00e9 v\u00fdsledky z\u00a0d\u00e1t, ktor\u00e9 boli \u0161tatisticky prev\u00e1\u017een\u00e9, aby zodpovedali rozlo\u017eeniu det\u00ed a\u00a0mladistv\u00fdch z\u00a0poh\u013eadu veku a\u00a0pohlavia v\u00a0celej popul\u00e1cii Slovenskej republiky.<\/p>\n<h4><strong>Dotazn\u00edk<\/strong><\/h4>\n<p>Vo v\u00fdskume bol pou\u017eit\u00fd dotazn\u00edkov\u00fd n\u00e1stroj vytvoren\u00fd pre potreby projektu EU Kids Online IV, v\u00a0r\u00e1mci ktor\u00e9ho sa zbieraj\u00fa d\u00e1ta\u00a0 v\u00a0\u010fal\u0161\u00edch eur\u00f3pskych krajin\u00e1ch. Hlavnej vlne v\u00fdskumu predch\u00e1dzal pilotn\u00fd v\u00fdskum na vzorke 290 respondentov vo veku 9 \u2013 18 rokov zo \u0161k\u00f4l v\u00a0okrese Ru\u017eomberok.<\/p>\n<h4><strong>V\u00fdber vzorky<\/strong><\/h4>\n<p>Vytvorenie reprezentat\u00edvnej vzorky zo z\u00e1kladn\u00e9ho s\u00faboru det\u00ed vo veku 9 a\u017e 17 rokov,\u00a0 ktor\u00e9 pou\u017e\u00edvaj\u00fa internet, bolo uskuto\u010dnen\u00e9 n\u00e1hodn\u00fdm v\u00fdberom z registra obc\u00ed a miest SR. Podkladom pre tento v\u00fdber boli ofici\u00e1lne \u0161tatistiky zo s\u010d\u00edtania obyvate\u013estva z roku 2011. Vzorka mala rozsah 200 \u00fazemn\u00fdch v\u00fdberov\u00fdch jednotiek, v ktor\u00fdch sa n\u00e1hodnou prech\u00e1dzkou (pod\u013ea vopred stanoven\u00fdch pravidiel) robil v\u00fdber dom\u00e1cnost\u00ed.[\/vc_column_text][\/vc_column_inner][\/vc_row_inner][\/vc_column][vc_column column_padding=&#8220;no-extra-padding&#8220; column_padding_tablet=&#8220;inherit&#8220; column_padding_phone=&#8220;inherit&#8220; column_padding_position=&#8220;all&#8220; background_color_opacity=&#8220;1&#8243; background_hover_color_opacity=&#8220;1&#8243; column_shadow=&#8220;none&#8220; column_border_radius=&#8220;none&#8220; column_link_target=&#8220;_self&#8220; gradient_direction=&#8220;left_to_right&#8220; overlay_strength=&#8220;0.5&#8243; width=&#8220;1\/2&#8243; tablet_width_inherit=&#8220;default&#8220; tablet_text_alignment=&#8220;default&#8220; phone_text_alignment=&#8220;default&#8220; column_border_width=&#8220;none&#8220; column_border_style=&#8220;solid&#8220; bg_image_animation=&#8220;none&#8220; offset=&#8220;vc_col-xs-12&#8243;][vc_column_text]\n<h4><strong>Priebeh zberu d\u00e1t<\/strong><\/h4>\n<p>Zber d\u00e1t prebiehal od 30. apr\u00edla 2018 do 12. j\u00fana 2018\u00a0 v\u00a0dom\u00e1cnostiach s\u00a0die\u0165a\u0165om alebo dospievaj\u00facim v\u00a0po\u017eadovanom veku. Pri zbere d\u00e1t bola pou\u017eit\u00e1 met\u00f3da\u00a0 CAPI (Computer Assisted Personal Interview). N\u00e1stroj vyu\u017e\u00edvan\u00fd pre ter\u00e9nny zber \u00fadajov bol online n\u00e1stroj pre ter\u00e9nne dopytovanie Nfield. Star\u0161ie deti vyp\u013a\u0148ali dotazn\u00edk bez pr\u00edtomnosti rodi\u010dov.<\/p>\n<h4><strong>Etick\u00e9 aspekty v\u00fdskumu<\/strong><\/h4>\n<p>Nevyhnutnou podmienkou pre realiz\u00e1ciu v\u00fdskumn\u00fdch rozhovorov\u00a0 bolo z\u00edskanie p\u00edsomn\u00e9ho s\u00fahlasu z\u00e1konn\u00fdch z\u00e1stupcov die\u0165a\u0165a a\u00a0\u00fastneho s\u00fahlasu die\u0165a\u0165a alebo dospievaj\u00faceho, ktor\u00e9 prebehlo priamo v\u00a0dom\u00e1cnosti. Dotazn\u00edky boli anonymn\u00e9 a\u00a0osobn\u00e9 inform\u00e1cie od rodi\u010dov boli z\u00edskan\u00e9 len za \u00fa\u010delom mo\u017enej kontroly anket\u00e1rov a\u00a0boli archivovan\u00e9 len po dobu \u0161iestich mesiacov.\u00a0 Pri ka\u017edej odpovedi si respondent mohol vybra\u0165 mo\u017enos\u0165 <em>Neviem <\/em>alebo <em>Rad\u0161ej nechcem odpoveda\u0165.<\/em>[\/vc_column_text][\/vc_column][\/vc_row]\n","protected":false},"excerpt":{"rendered":"<p>[vc_row type=&#8220;full_width_background&#8220; full_screen_row_position=&#8220;middle&#8220; column_margin=&#8220;default&#8220; column_direction=&#8220;default&#8220; column_direction_tablet=&#8220;default&#8220; column_direction_phone=&#8220;default&#8220; bg_color=&#8220;#ffffff&#8220; scene_position=&#8220;center&#8220; top_padding=&#8220;4%&#8220; bottom_padding=&#8220;6%&#8220; top_padding_tablet=&#8220;8%&#8220; bottom_padding_tablet=&#8220;10%&#8220; text_color=&#8220;dark&#8220; text_align=&#8220;left&#8220; row_border_radius=&#8220;none&#8220; row_border_radius_applies=&#8220;bg&#8220; overlay_strength=&#8220;0.3&#8243; gradient_direction=&#8220;left_to_right&#8220; shape_divider_position=&#8220;bottom&#8220; bg_image_animation=&#8220;none&#8220; shape_type=&#8220;&#8220;][vc_column column_padding=&#8220;no-extra-padding&#8220; column_padding_tablet=&#8220;inherit&#8220; column_padding_phone=&#8220;inherit&#8220; column_padding_position=&#8220;all&#8220; background_color_opacity=&#8220;1&#8243; background_hover_color_opacity=&#8220;1&#8243; column_shadow=&#8220;none&#8220; column_border_radius=&#8220;none&#8220;&#8230;<\/p>\n","protected":false},"author":2,"featured_media":0,"parent":0,"menu_order":0,"comment_status":"closed","ping_status":"closed","template":"","meta":{"footnotes":""},"class_list":["post-130","page","type-page","status-publish"],"_links":{"self":[{"href":"https:\/\/euko.ku.sk\/index.php\/wp-json\/wp\/v2\/pages\/130","targetHints":{"allow":["GET"]}}],"collection":[{"href":"https:\/\/euko.ku.sk\/index.php\/wp-json\/wp\/v2\/pages"}],"about":[{"href":"https:\/\/euko.ku.sk\/index.php\/wp-json\/wp\/v2\/types\/page"}],"author":[{"embeddable":true,"href":"https:\/\/euko.ku.sk\/index.php\/wp-json\/wp\/v2\/users\/2"}],"replies":[{"embeddable":true,"href":"https:\/\/euko.ku.sk\/index.php\/wp-json\/wp\/v2\/comments?post=130"}],"version-history":[{"count":28,"href":"https:\/\/euko.ku.sk\/index.php\/wp-json\/wp\/v2\/pages\/130\/revisions"}],"predecessor-version":[{"id":162,"href":"https:\/\/euko.ku.sk\/index.php\/wp-json\/wp\/v2\/pages\/130\/revisions\/162"}],"wp:attachment":[{"href":"https:\/\/euko.ku.sk\/index.php\/wp-json\/wp\/v2\/media?parent=130"}],"curies":[{"name":"wp","href":"https:\/\/api.w.org\/{rel}","templated":true}]}}