{"id":111,"date":"2020-06-16T09:20:25","date_gmt":"2020-06-16T09:20:25","guid":{"rendered":"http:\/\/euko.ku.sk\/?page_id=111"},"modified":"2024-09-23T07:12:24","modified_gmt":"2024-09-23T07:12:24","slug":"o-autoroch","status":"publish","type":"page","link":"https:\/\/euko.ku.sk\/index.php\/o-autoroch\/","title":{"rendered":"O autoroch"},"content":{"rendered":"[vc_row type=&#8220;full_width_background&#8220; full_screen_row_position=&#8220;middle&#8220; column_margin=&#8220;default&#8220; column_direction=&#8220;default&#8220; column_direction_tablet=&#8220;default&#8220; column_direction_phone=&#8220;default&#8220; bg_color=&#8220;#ffffff&#8220; scene_position=&#8220;center&#8220; top_padding=&#8220;4%&#8220; bottom_padding=&#8220;6%&#8220; top_padding_tablet=&#8220;8%&#8220; bottom_padding_tablet=&#8220;10%&#8220; text_color=&#8220;dark&#8220; text_align=&#8220;left&#8220; row_border_radius=&#8220;none&#8220; row_border_radius_applies=&#8220;bg&#8220; overflow=&#8220;visible&#8220; overlay_strength=&#8220;0.3&#8243; gradient_direction=&#8220;left_to_right&#8220; shape_divider_position=&#8220;bottom&#8220; bg_image_animation=&#8220;none&#8220; shape_type=&#8220;&#8220;][vc_column column_padding=&#8220;no-extra-padding&#8220; column_padding_tablet=&#8220;inherit&#8220; column_padding_phone=&#8220;inherit&#8220; column_padding_position=&#8220;all&#8220; column_element_direction_desktop=&#8220;default&#8220; column_element_spacing=&#8220;default&#8220; desktop_text_alignment=&#8220;default&#8220; tablet_text_alignment=&#8220;default&#8220; phone_text_alignment=&#8220;default&#8220; background_color_opacity=&#8220;1&#8243; background_hover_color_opacity=&#8220;1&#8243; column_backdrop_filter=&#8220;none&#8220; column_shadow=&#8220;none&#8220; column_border_radius=&#8220;none&#8220; column_link_target=&#8220;_self&#8220; column_position=&#8220;default&#8220; gradient_direction=&#8220;left_b_to_right_t&#8220; overlay_strength=&#8220;1&#8243; width=&#8220;1\/1&#8243; tablet_width_inherit=&#8220;default&#8220; animation_type=&#8220;default&#8220; enable_animation=&#8220;true&#8220; animation=&#8220;slight-twist&#8220; animation_easing=&#8220;default&#8220; bg_image_animation=&#8220;none&#8220; border_type=&#8220;simple&#8220; column_border_width=&#8220;none&#8220; column_border_style=&#8220;solid&#8220;][vc_row_inner column_margin=&#8220;none&#8220; column_direction=&#8220;default&#8220; column_direction_tablet=&#8220;default&#8220; column_direction_phone=&#8220;default&#8220; bottom_padding_tablet=&#8220;10&#8243; bottom_padding_phone=&#8220;5&#8243; left_padding_phone=&#8220;25%&#8220; constrain_group_6=&#8220;yes&#8220; right_padding_phone=&#8220;25%&#8220; text_align=&#8220;left&#8220; row_position=&#8220;default&#8220; row_position_tablet=&#8220;inherit&#8220; row_position_phone=&#8220;inherit&#8220; overflow=&#8220;visible&#8220; pointer_events=&#8220;all&#8220;][vc_column_inner column_padding=&#8220;no-extra-padding&#8220; column_padding_tablet=&#8220;inherit&#8220; column_padding_phone=&#8220;inherit&#8220; column_padding_position=&#8220;all&#8220; column_element_direction_desktop=&#8220;default&#8220; column_element_spacing=&#8220;default&#8220; centered_text=&#8220;true&#8220; desktop_text_alignment=&#8220;default&#8220; tablet_text_alignment=&#8220;default&#8220; phone_text_alignment=&#8220;default&#8220; background_color_opacity=&#8220;1&#8243; background_hover_color_opacity=&#8220;1&#8243; column_backdrop_filter=&#8220;none&#8220; column_shadow=&#8220;none&#8220; column_border_radius=&#8220;none&#8220; column_link_target=&#8220;_self&#8220; overflow=&#8220;visible&#8220; gradient_direction=&#8220;left_to_right&#8220; overlay_strength=&#8220;0.3&#8243; width=&#8220;1\/1&#8243; tablet_width_inherit=&#8220;default&#8220; animation_type=&#8220;default&#8220; enable_animation=&#8220;true&#8220; animation=&#8220;slight-twist&#8220; animation_easing=&#8220;default&#8220; bg_image_animation=&#8220;none&#8220; border_type=&#8220;simple&#8220; column_border_width=&#8220;none&#8220; column_border_style=&#8220;solid&#8220;][vc_column_text]<strong>EU Kids Online<\/strong>[\/vc_column_text][\/vc_column_inner][\/vc_row_inner][vc_row_inner column_margin=&#8220;default&#8220; column_direction=&#8220;default&#8220; column_direction_tablet=&#8220;default&#8220; column_direction_phone=&#8220;default&#8220; text_align=&#8220;left&#8220; row_position=&#8220;default&#8220; row_position_tablet=&#8220;inherit&#8220; row_position_phone=&#8220;inherit&#8220; overflow=&#8220;visible&#8220; pointer_events=&#8220;all&#8220;][vc_column_inner column_padding=&#8220;no-extra-padding&#8220; column_padding_tablet=&#8220;inherit&#8220; column_padding_phone=&#8220;inherit&#8220; column_padding_position=&#8220;all&#8220; column_element_direction_desktop=&#8220;default&#8220; column_element_spacing=&#8220;default&#8220; centered_text=&#8220;true&#8220; desktop_text_alignment=&#8220;default&#8220; tablet_text_alignment=&#8220;default&#8220; phone_text_alignment=&#8220;default&#8220; background_color_opacity=&#8220;1&#8243; background_hover_color_opacity=&#8220;1&#8243; column_backdrop_filter=&#8220;none&#8220; column_shadow=&#8220;none&#8220; column_border_radius=&#8220;none&#8220; column_link_target=&#8220;_self&#8220; overflow=&#8220;visible&#8220; gradient_direction=&#8220;left_to_right&#8220; overlay_strength=&#8220;0.3&#8243; width=&#8220;1\/1&#8243; tablet_width_inherit=&#8220;default&#8220; animation_type=&#8220;default&#8220; bg_image_animation=&#8220;none&#8220; border_type=&#8220;simple&#8220; column_border_width=&#8220;none&#8220; column_border_style=&#8220;solid&#8220;][nectar_highlighted_text text_color=&#8220;#000000&#8243; style=&#8220;text_outline&#8220; outline_thickness=&#8220;regular&#8220; custom_font_size=&#8220;8vh&#8220;]\n<h1>O autoroch<\/h1>\n[\/nectar_highlighted_text][\/vc_column_inner][\/vc_row_inner][\/vc_column][\/vc_row][vc_row type=&#8220;in_container&#8220; full_screen_row_position=&#8220;middle&#8220; column_margin=&#8220;default&#8220; column_direction=&#8220;default&#8220; column_direction_tablet=&#8220;default&#8220; column_direction_phone=&#8220;default&#8220; scene_position=&#8220;center&#8220; top_padding=&#8220;6%&#8220; bottom_padding=&#8220;6%&#8220; text_color=&#8220;dark&#8220; text_align=&#8220;left&#8220; row_border_radius=&#8220;none&#8220; row_border_radius_applies=&#8220;bg&#8220; overflow=&#8220;visible&#8220; overlay_strength=&#8220;0.3&#8243; gradient_direction=&#8220;left_to_right&#8220; shape_divider_position=&#8220;bottom&#8220; bg_image_animation=&#8220;none&#8220; shape_type=&#8220;&#8220;][vc_column column_padding=&#8220;no-extra-padding&#8220; column_padding_tablet=&#8220;inherit&#8220; column_padding_phone=&#8220;inherit&#8220; column_padding_position=&#8220;all&#8220; column_element_direction_desktop=&#8220;default&#8220; column_element_spacing=&#8220;default&#8220; desktop_text_alignment=&#8220;default&#8220; tablet_text_alignment=&#8220;default&#8220; phone_text_alignment=&#8220;default&#8220; background_color_opacity=&#8220;1&#8243; background_hover_color_opacity=&#8220;1&#8243; column_backdrop_filter=&#8220;none&#8220; column_shadow=&#8220;none&#8220; column_border_radius=&#8220;none&#8220; column_link_target=&#8220;_self&#8220; column_position=&#8220;default&#8220; gradient_direction=&#8220;left_to_right&#8220; overlay_strength=&#8220;0.3&#8243; width=&#8220;1\/1&#8243; tablet_width_inherit=&#8220;default&#8220; animation_type=&#8220;default&#8220; bg_image_animation=&#8220;none&#8220; border_type=&#8220;simple&#8220; column_border_width=&#8220;none&#8220; column_border_style=&#8220;solid&#8220;][vc_row_inner column_margin=&#8220;80px&#8220; column_direction=&#8220;default&#8220; column_direction_tablet=&#8220;default&#8220; column_direction_phone=&#8220;default&#8220; text_align=&#8220;left&#8220; row_position=&#8220;default&#8220; row_position_tablet=&#8220;inherit&#8220; row_position_phone=&#8220;inherit&#8220; overflow=&#8220;visible&#8220; pointer_events=&#8220;all&#8220;][vc_column_inner column_padding=&#8220;padding-4-percent&#8220; column_padding_tablet=&#8220;inherit&#8220; column_padding_phone=&#8220;inherit&#8220; column_padding_position=&#8220;top-bottom&#8220; column_element_direction_desktop=&#8220;default&#8220; column_element_spacing=&#8220;default&#8220; desktop_text_alignment=&#8220;default&#8220; tablet_text_alignment=&#8220;default&#8220; phone_text_alignment=&#8220;default&#8220; background_color_opacity=&#8220;1&#8243; background_hover_color_opacity=&#8220;1&#8243; column_backdrop_filter=&#8220;none&#8220; column_shadow=&#8220;none&#8220; column_border_radius=&#8220;none&#8220; column_link_target=&#8220;_self&#8220; overflow=&#8220;visible&#8220; gradient_direction=&#8220;left_to_right&#8220; overlay_strength=&#8220;0.3&#8243; width=&#8220;1\/3&#8243; tablet_width_inherit=&#8220;default&#8220; animation_type=&#8220;default&#8220; enable_animation=&#8220;true&#8220; animation=&#8220;fade-in-from-bottom&#8220; animation_easing=&#8220;default&#8220; bg_image_animation=&#8220;none&#8220; border_type=&#8220;simple&#8220; column_border_width=&#8220;none&#8220; column_border_style=&#8220;solid&#8220; delay=&#8220;50&#8243;][team_member image_url=&#8220;114&#8243; bio_alt_image_url=&#8220;114&#8243; team_memeber_style=&#8220;bio_fullscreen_alt&#8220; image_loading=&#8220;lazy-load&#8220; team_member_bio_full_html=&#8220;simple&#8220; name=&#8220;doc. Pavel Izrael, PhD.&#8220; team_member_mini_bio=&#8220;N\u00e1rodn\u00fd koordin\u00e1tor za Slovensko pre v\u00fdskumn\u00fd network EU kids online. P\u00f4sob\u00ed ako docent na Katedre \u017eurnalistiky Filozofickej fakulty Katol\u00edckej univerzity v Ru\u017eomberku.&#8220; team_member_bio=&#8220;N\u00e1rodn\u00fd koordin\u00e1tor za Slovensko pre v\u00fdskumn\u00fd network EU kids online. P\u00f4sob\u00ed ako docent na Katedre \u017eurnalistiky Filozofickej fakulty Katol\u00edckej univerzity v Ru\u017eomberku. Zaober\u00e1 sa problematikou rodi\u010dovskej medi\u00e1cie, vplyvu m\u00e9di\u00ed na rodiny a medi\u00e1lnou v\u00fdchovou. Je spoluautorom u\u010debnice medi\u00e1lnej v\u00fdchovy pre z\u00e1kladn\u00e9 \u0161koly. V rokoch 2017 a\u017e 2019 bol ved\u00facim projektu \u201eMedi\u00e1lne n\u00e1vyky a kompetencie det\u00ed v ranom detstve a mlad\u0161om \u0161kolskom veku\u201c. Aktu\u00e1lne je hlavn\u00fdm rie\u0161ite\u013eom projektu APVV s n\u00e1zvom Digit\u00e1lni domorodci a pr\u00edle\u017eitostii a rizik\u00e1 online prostredia.&#8220;][\/team_member][divider line_type=&#8220;No Line&#8220; custom_height=&#8220;30&#8243;][team_member image_url=&#8220;343&#8243; bio_alt_image_url=&#8220;343&#8243; team_memeber_style=&#8220;bio_fullscreen_alt&#8220; image_loading=&#8220;lazy-load&#8220; team_member_bio_full_html=&#8220;simple&#8220; name=&#8220;doc. PhDr. Angela Alma\u0161iov\u00e1, PhD.&#8220; team_member_mini_bio=&#8220;P\u00f4sob\u00ed ako docentka na Katedre soci\u00e1lnej pr\u00e1ce Pedagogickej fakulty Katol\u00edckej univerzity v Ru\u017eomberku.&#8220; team_member_bio=&#8220;P\u00f4sob\u00ed ako docentka na Katedre soci\u00e1lnej pr\u00e1ce Pedagogickej fakulty Katol\u00edckej univerzity v Ru\u017eomberku. Zaober\u00e1 sa v\u00fdskumom \u017eivotn\u00e9ho \u0161t\u00fdlu mlad\u00fdch \u013eud\u00ed spojen\u00fdm hlavne s r\u00f4znymi druhmi rizikov\u00e9ho spr\u00e1vania \u2013 u\u017e\u00edvanie n\u00e1vykov\u00fdch l\u00e1tok, exces\u00edvne pou\u017e\u00edvanie internetu a pod. Je spolurie\u0161ite\u013ekou viacer\u00fdch dom\u00e1cich a zahrani\u010dn\u00fdch grantov v uvedenej oblasti.&#8220;][\/team_member][\/vc_column_inner][vc_column_inner column_padding=&#8220;no-extra-padding&#8220; column_padding_tablet=&#8220;inherit&#8220; column_padding_phone=&#8220;inherit&#8220; column_padding_position=&#8220;all&#8220; column_element_direction_desktop=&#8220;default&#8220; column_element_spacing=&#8220;default&#8220; desktop_text_alignment=&#8220;default&#8220; tablet_text_alignment=&#8220;default&#8220; phone_text_alignment=&#8220;default&#8220; background_color_opacity=&#8220;1&#8243; background_hover_color_opacity=&#8220;1&#8243; column_backdrop_filter=&#8220;none&#8220; column_shadow=&#8220;none&#8220; column_border_radius=&#8220;none&#8220; column_link_target=&#8220;_self&#8220; overflow=&#8220;visible&#8220; gradient_direction=&#8220;left_to_right&#8220; overlay_strength=&#8220;0.3&#8243; width=&#8220;1\/3&#8243; tablet_width_inherit=&#8220;default&#8220; animation_type=&#8220;default&#8220; enable_animation=&#8220;true&#8220; animation=&#8220;fade-in-from-bottom&#8220; animation_easing=&#8220;default&#8220; bg_image_animation=&#8220;none&#8220; border_type=&#8220;simple&#8220; column_border_width=&#8220;none&#8220; column_border_style=&#8220;solid&#8220;][team_member image_url=&#8220;119&#8243; bio_alt_image_url=&#8220;119&#8243; team_memeber_style=&#8220;bio_fullscreen_alt&#8220; image_loading=&#8220;lazy-load&#8220; team_member_bio_full_html=&#8220;simple&#8220; name=&#8220;doc. Juraj Holdo\u0161, PhD.&#8220; team_member_mini_bio=&#8220;P\u00f4sob\u00ed ako docent na katedre psychol\u00f3gie filozofickej fakulty Katol\u00edckej univerzity v Ru\u017eomberku.&#8220; team_member_bio=&#8220;P\u00f4sob\u00ed ako docent na katedre psychol\u00f3gie filozofickej fakulty Katol\u00edckej univerzity v Ru\u017eomberku. Zauj\u00edma sa o pou\u017e\u00edvanie nov\u00fdch medi\u00ed najm\u00e4 mlad\u00fdmi \u013eu\u010fmi, z\u00e1vislos\u0165 od internetu a jej mo\u017enosti lie\u010dby. P\u00f4sob\u00ed tie\u017e ako psychol\u00f3g v Poradenskom centre KU. Od roku 2013 do 2015 je hlavn\u00fdm rie\u0161ite\u013eom v\u00fdskumn\u00e9ho projektu Internetov\u00e1 z\u00e1vislos\u0165 a osobnos\u0165 typu D (Soci\u00e1lna inhib\u00edcia a negat\u00edvna afektivita v kontexte problematick\u00e9ho pou\u017e\u00edvania internetu v popul\u00e1cii univerzitn\u00fdch \u0161tudentov). Z\u00e1stupca Katol\u00edckej univerzity v \u00falohe experta na Ministerstve pra\u0301ce, socia\u0301lnych veci a rodiny v projekte Podpora ochrany deti\u0301 pred n\u00e1sil\u00edm a v pracovnej skupine ku vzniku Linky pomoci.&#8220;][\/team_member][divider line_type=&#8220;No Line&#8220; custom_height=&#8220;30&#8243;][team_member image_url=&#8220;344&#8243; bio_alt_image_url=&#8220;344&#8243; team_memeber_style=&#8220;bio_fullscreen_alt&#8220; image_loading=&#8220;lazy-load&#8220; team_member_bio_full_html=&#8220;simple&#8220; name=&#8220;PhDr. Katar\u00edna Koh\u00fatov\u00e1, PhD.&#8220; team_member_mini_bio=&#8220;Katar\u00edna Koh\u00fatov\u00e1, PhD. je odbornou asistentkou na Katedre soci\u00e1lnej pr\u00e1ce Katol\u00edckej univerzity v Ru\u017eomberku.&#8220; team_member_bio=&#8220;Katar\u00edna Koh\u00fatov\u00e1, PhD. je odbornou asistentkou na Katedre soci\u00e1lnej pr\u00e1ce Katol\u00edckej univerzity v Ru\u017eomberku. Pregradu\u00e1lne vy\u0161tudovala psychol\u00f3giu na Univerzite Palack\u00e9ho v Olomouci, postgradu\u00e1lne soci\u00e1lnu pr\u00e1cu na Katol\u00edckej univerzite v Ru\u017eomberku. V\u00fdskumne sa venuje oblastiam rizikov\u00e9ho spr\u00e1vania det\u00ed a dospievaj\u00facich, rannej vz\u0165ahovej v\u00e4zbe, syndr\u00f3mu vyhorenia v pom\u00e1haj\u00facich profesi\u00e1ch a jeho korel\u00e1tom, aplik\u00e1cii \u0161tatistick\u00fdch met\u00f3d v soci\u00e1lnom a pedagogickom v\u00fdskume. Je spoluautorkou webovej str\u00e1nky estatistika.ku.sk, ktor\u00e1 je zameran\u00e1 na problematiku \u0161tatistick\u00e9ho spracovania d\u00e1t v programe IBM SPSS a Microsoft Excel.&#8220;][\/team_member][\/vc_column_inner][vc_column_inner column_padding=&#8220;padding-4-percent&#8220; column_padding_tablet=&#8220;inherit&#8220; column_padding_phone=&#8220;inherit&#8220; column_padding_position=&#8220;top-bottom&#8220; column_element_direction_desktop=&#8220;default&#8220; column_element_spacing=&#8220;default&#8220; desktop_text_alignment=&#8220;default&#8220; tablet_text_alignment=&#8220;default&#8220; phone_text_alignment=&#8220;default&#8220; background_color_opacity=&#8220;1&#8243; background_hover_color_opacity=&#8220;1&#8243; column_backdrop_filter=&#8220;none&#8220; column_shadow=&#8220;none&#8220; column_border_radius=&#8220;none&#8220; column_link_target=&#8220;_self&#8220; overflow=&#8220;visible&#8220; gradient_direction=&#8220;left_to_right&#8220; overlay_strength=&#8220;0.3&#8243; width=&#8220;1\/3&#8243; tablet_width_inherit=&#8220;default&#8220; animation_type=&#8220;default&#8220; enable_animation=&#8220;true&#8220; animation=&#8220;fade-in-from-bottom&#8220; animation_easing=&#8220;default&#8220; bg_image_animation=&#8220;none&#8220; border_type=&#8220;simple&#8220; column_border_width=&#8220;none&#8220; column_border_style=&#8220;solid&#8220; delay=&#8220;100&#8243;][team_member image_url=&#8220;117&#8243; bio_alt_image_url=&#8220;117&#8243; team_memeber_style=&#8220;bio_fullscreen_alt&#8220; image_loading=&#8220;lazy-load&#8220; team_member_bio_full_html=&#8220;simple&#8220; name=&#8220;prof. Norbert Vrabec, PhD.&#8220; team_member_mini_bio=&#8220;Je riadite\u013eom Centra medi\u00e1lnej gramotnosti, ktor\u00e9 je s\u00fa\u010das\u0165ou Fakulty masmedi\u00e1lnej komunik\u00e1cie Univerzity sv. Cyrila a Metoda v Trnave.&#8220; team_member_bio=&#8220;Je riadite\u013eom Centra medi\u00e1lnej gramotnosti, ktor\u00e9 je s\u00fa\u010das\u0165ou Fakulty masmedi\u00e1lnej komunik\u00e1cie Univerzity sv. Cyrila a Metoda v Trnave. Jeho v\u00fdskumn\u00e9 z\u00e1ujmy sa s\u00fastre\u010fuj\u00fa najm\u00e4 na vz\u0165ah ml\u00e1de\u017ee a m\u00e9di\u00ed, soci\u00e1lne dopady digit\u00e1lnych technol\u00f3gi\u00ed a metodologick\u00e9 aspekty v\u00fdskumu m\u00e9di\u00ed. Participuje na viacer\u00fdch rozvojov\u00fdch projektoch v oblasti medi\u00e1lnych \u0161t\u00fadi\u00ed a medi\u00e1lneho vzdel\u00e1vania.&#8220;][\/team_member][divider line_type=&#8220;No Line&#8220; custom_height=&#8220;30&#8243;][\/vc_column_inner][\/vc_row_inner][\/vc_column][\/vc_row]\n","protected":false},"excerpt":{"rendered":"<p>[vc_row type=&#8220;full_width_background&#8220; full_screen_row_position=&#8220;middle&#8220; column_margin=&#8220;default&#8220; column_direction=&#8220;default&#8220; column_direction_tablet=&#8220;default&#8220; column_direction_phone=&#8220;default&#8220; bg_color=&#8220;#ffffff&#8220; scene_position=&#8220;center&#8220; top_padding=&#8220;4%&#8220; bottom_padding=&#8220;6%&#8220; top_padding_tablet=&#8220;8%&#8220; bottom_padding_tablet=&#8220;10%&#8220; text_color=&#8220;dark&#8220; text_align=&#8220;left&#8220; row_border_radius=&#8220;none&#8220; row_border_radius_applies=&#8220;bg&#8220; overflow=&#8220;visible&#8220; overlay_strength=&#8220;0.3&#8243; gradient_direction=&#8220;left_to_right&#8220; shape_divider_position=&#8220;bottom&#8220; bg_image_animation=&#8220;none&#8220; shape_type=&#8220;&#8220;][vc_column column_padding=&#8220;no-extra-padding&#8220; column_padding_tablet=&#8220;inherit&#8220; column_padding_phone=&#8220;inherit&#8220; column_padding_position=&#8220;all&#8220; column_element_direction_desktop=&#8220;default&#8220; column_element_spacing=&#8220;default&#8220; desktop_text_alignment=&#8220;default&#8220;&#8230;<\/p>\n","protected":false},"author":2,"featured_media":0,"parent":0,"menu_order":0,"comment_status":"closed","ping_status":"closed","template":"","meta":{"footnotes":""},"class_list":["post-111","page","type-page","status-publish"],"_links":{"self":[{"href":"https:\/\/euko.ku.sk\/index.php\/wp-json\/wp\/v2\/pages\/111","targetHints":{"allow":["GET"]}}],"collection":[{"href":"https:\/\/euko.ku.sk\/index.php\/wp-json\/wp\/v2\/pages"}],"about":[{"href":"https:\/\/euko.ku.sk\/index.php\/wp-json\/wp\/v2\/types\/page"}],"author":[{"embeddable":true,"href":"https:\/\/euko.ku.sk\/index.php\/wp-json\/wp\/v2\/users\/2"}],"replies":[{"embeddable":true,"href":"https:\/\/euko.ku.sk\/index.php\/wp-json\/wp\/v2\/comments?post=111"}],"version-history":[{"count":18,"href":"https:\/\/euko.ku.sk\/index.php\/wp-json\/wp\/v2\/pages\/111\/revisions"}],"predecessor-version":[{"id":384,"href":"https:\/\/euko.ku.sk\/index.php\/wp-json\/wp\/v2\/pages\/111\/revisions\/384"}],"wp:attachment":[{"href":"https:\/\/euko.ku.sk\/index.php\/wp-json\/wp\/v2\/media?parent=111"}],"curies":[{"name":"wp","href":"https:\/\/api.w.org\/{rel}","templated":true}]}}